 of 669836812?
2, 4423, 37861
List the prime factors of 679228696.
2, 1459, 58193
List the prime factors of 89222746.
2, 19, 223, 10529
What are the prime factors of 388216845?
3, 5, 17, 509, 997
What are the prime factors of 8996425?
5, 41, 67, 131
What are the prime factors of 2577854630?
2, 5, 13, 653, 30367
List the prime factors of 549390505.
5, 571, 192431
What are the prime factors of 633226922?
2, 383, 826667
What are the prime factors of 88596450?
2, 3, 5, 29, 31, 73
List the prime factors of 654354953.
7, 37, 2526467
List the prime factors of 86614007.
173, 379, 1321
List the prime factors of 60485329.
29, 2085701
What are the prime factors of 68068517?
11, 131, 47237
What are the prime factors of 4029565652?
2, 7, 2539, 56681
What are the prime factors of 1676361?
3, 558787
What are the prime factors of 2674673904?
2, 3, 7, 59, 134921
What are the prime factors of 99353416?
2, 12419177
List the prime factors of 482973479.
482973479
What are the prime factors of 41429295?
3, 5, 920651
What are the prime factors of 49524604?
2, 17, 728303
List the prime factors of 479118360.
2, 3, 5, 7, 570379
What are the prime factors of 1772089218?
2, 3, 277, 118471
What are the prime factors of 1337990052?
2, 3, 7, 29, 549257
List the prime factors of 509465835.
3, 5, 3773821
List the prime factors of 54823917.
3, 821, 22259
List the prime factors of 3521708791.
61, 397, 145423
List the prime factors of 88757891.
43, 101, 107, 191
List the prime factors of 388496647.
7, 11, 720773
What are the prime factors of 15121650?
2, 3, 5, 100811
List the prime factors of 128412142.
2, 2039, 31489
List the prime factors of 744356210.
2, 5, 13, 2053, 2789
What are the prime factors of 3050378676?
2, 3, 9414749
What are the prime factors of 1754268880?
2, 5, 7, 13, 23, 10477
List the prime factors of 3203315020.
2, 5, 160165751
List the prime factors of 8021830.
2, 5, 802183
What are the prime factors of 99541296?
2, 3, 463, 1493
List the prime factors of 14741796.
2, 3, 19, 41, 83
List the prime factors of 230600182.
2, 109, 947, 1117
What are the prime factors of 2215822108?
2, 37, 103, 137, 1061
List the prime factors of 62253336.
2, 3, 43, 179, 337
List the prime factors of 1044441509.
1044441509
What are the prime factors of 589531641?
3, 983, 199909
What are the prime factors of 21451601?
37, 579773
List the prime factors of 79378085.
5, 311, 51047
List the prime factors of 572574588.
2, 3, 31, 907, 1697
List the prime factors of 23844615.
3, 5, 1589641
What are the prime factors of 115015610?
2, 5, 37, 137, 2269
What are the prime factors of 228355878?
2, 3, 38059313
List the prime factors of 350137782.
2, 3, 149, 43517
List the prime factors of 102118959.
3, 173, 65587
List the prime factors of 7561508598.
2, 3, 7, 739, 1289
What are the prime factors of 48674138?
2, 24337069
List the prime factors of 5215699336.
2, 651962417
List the prime factors of 1729495399.
2239, 772441
What are the prime factors of 7911905901?
3, 31, 85074257
List the prime factors of 233101635.
3, 5, 13, 199, 6007
What are the prime factors of 960425283?
3, 23, 929, 14983
What are the prime factors of 138538176?
2, 3, 7, 103079
List the prime factors of 537430014.
2, 3, 11, 2714293
List the prime factors of 168663464.
2, 37, 569809
What are the prime factors of 1444390011?
3, 160487779
List the prime factors of 203923812.
2, 3, 16993651
What are the prime factors of 146978986?
2, 7, 11, 954409
List the prime factors of 522759617.
23, 53, 428843
List the prime factors of 3468117857.
23819, 145603
List the prime factors of 34178770.
2, 5, 233, 14669
List the prime factors of 93101090.
2, 5, 137, 67957
List the prime factors of 803327754.
2, 3, 133887959
What are the prime factors of 328294998?
2, 3, 59, 103043
What are the prime factors of 1877073387?
3, 7, 53, 1093, 1543
What are the prime factors of 7761551089?
23, 401, 659, 1277
List the prime factors of 176204203.
7, 29, 311, 2791
What are the prime factors of 26814065?
5, 461, 11633
List the prime factors of 1858529804.
2, 464632451
List the prime factors of 68110268.
2, 23, 740329
What are the prime factors of 656091724?
2, 164022931
List the prime factors of 112704063.
3, 29, 107, 12107
List the prime factors of 261027150.
2, 3, 5, 1740181
What are the prime factors of 378938528?
2, 11841829
List the prime factors of 973351129.
973351129
List the prime factors of 325827443.
325827443
List the prime factors of 265923138.
2, 3, 13, 3409271
What are the prime factors of 2776760233?
13, 131, 179, 9109
What are the prime factors of 38480541?
3, 11, 23, 419
List the prime factors of 36156382.
2, 17, 373, 2851
List the prime factors of 552384015.
3, 5, 2161, 17041
List the prime factors of 218026112.
2, 1087, 1567
What are the prime factors of 800388077?
800388077
List the prime factors of 594146382.
2, 3, 99024397
List the prime factors of 40843695.
3, 5, 2722913
List the prime factors of 4391501.
109, 40289
What are the prime factors of 59827051?
2999, 19949
What are the prime factors of 352437345?
3, 5, 13, 409, 491
What are the prime factors of 32642952?
2, 3, 911, 1493
List the prime factors of 100597461.
3, 677, 49531
List the prime factors of 199445131.
67, 2976793
List the prime factors of 108566251.
37, 2934223
What are the prime factors of 64769446?
2, 7, 4626389
What are the prime factors of 139903034?
2, 4493, 15569
List the prime factors of 32021158.
2, 13, 73, 16871
List the prime factors of 474776488.
2, 23, 131, 19697
List the prime factors of 85478823.
3, 9497647
List the prime factors of 1743850546.
2, 617, 1413169
What are the prime factors of 51780132?
2, 3, 293, 4909
List the prime factors of 1783869582.
2, 3, 11, 947, 28541
List the prime factors of 17955261.
3, 71, 28099
List the prime factors of 402000993.
3, 19, 2350883
List the prime factors of 6959558734.
2, 37, 71, 1324621
What are the prime factors of 64453874?
2, 1861, 17317
List the prime factors of 267402844.
2, 107, 5839
List the prime factors of 1387932543.
3, 43, 1195463
What are the prime factors of 16775712?
2, 3, 31, 1879
List the prime factors of 671821959.
3, 223940653
What are the prime factors of 476782884?
2, 3, 17, 19, 131, 313
What are the prime factors of 53868719?
1031, 52249
List the prime factors of 46909237.
46909237
List the prime factors of 6401769456.
2, 3, 73, 101, 18089
List the prime factors of 410989506.
2, 3, 31, 229, 9649
List the prime factors of 243324889.
23, 223, 47441
List the prime factors of 446455337.
446455337
What are the prime factors of 80286662?
2, 443, 90617
What are the prime factors of 290172616?
2, 36271577
List the prime factors of 78870474.
2, 3, 4381693
List the prime factors of 22238223.
3, 7, 151, 7013
What are the prime factors of 36265513?
37, 980149
List the prime factors of 36266601.
3, 7, 83, 20807
What are the prime factors of 992616868?
2, 131, 1894307
What are the prime factors of 274248549?
3, 41, 743221
List the prime factors of 991915439.
17, 2939, 19853
What are the prime factors of 126851749?
347, 365567
What are the prime factors of 305124245?
5, 17, 109, 32933
List the prime factors of 363755653.
1213, 299881
List the prime factors of 33200275.
5, 433, 3067
List the prime factors of 1102753236.
2, 3, 13, 19, 372049
What are the prime factors of 813160843?
11, 67, 1103339
List the prime factors of 328177030.
2, 5, 47, 698249
What are the prime factors of 427484454?
2, 3, 71247409
What are the prime factors of 408855593?
17, 83, 289763
What are the prime factors of 1436093365?
5, 7, 41031239
List the prime factors of 72458372.
2, 7, 23, 59, 1907
List the prime factors of 93429835.
5, 18685967
What are the prime factors of 39987439?
1913, 20903
What are the prime factors of 1275978750?
2, 3, 5, 340261
What are the prime factors of 30314232?
2, 3, 13, 139, 233
List the prime factors of 1899128890.
2, 5, 189912889
What are the prime factors of 694696478?
2, 7, 103, 241, 1999
What are the prime factors of 2837914872?
2, 3, 13, 71, 128111
List the prime factors of 1117858100.
2, 5, 43, 259967
What are the prime factors of 62641789?
7, 8948827
List the prime factors of 1419060745.
5, 1291, 219839
List the prime factors of 4267276221.
3, 13, 109417339
What are the prime factors of 60534133